3
In base 10, what is 373 - -15?
388
In base 13, what is -b557 + -2?
-b559
In base 14, what is -2d38 - 4?
-2d3c
In base 15, what is 45 - 0?
45
In base 11, what is -16 - -1a?
4
In base 7, what is -531 + 0?
-531
In base 9, what is -6 - 33?
-40
In base 2, what is -100 + 101000010?
100111110
In base 3, what is 1 + -1100022?
-1100021
In base 3, what is -10010 + -1?
-10011
In base 7, what is -15 + 20?
2
In base 9, what is -25 - -20?
-5
In base 16, what is -1a + -4b?
-65
In base 2, what is -101 + 1101000?
1100011
In base 6, what is 241 - -2?
243
In base 8, what is 3 - -265?
270
In base 10, what is -7 + -2768?
-2775
In base 4, what is 3202 - -200?
10002
In base 9, what is 225 - -7?
233
In base 11, what is 75 - -6?
80
In base 4, what is 113 + -13?
100
In base 6, what is -454 + 1?
-453
In base 8, what is -26 + -240?
-266
In base 5, what is 3 - 3431?
-3423
In base 2, what is 1 - -1010110?
1010111
In base 16, what is -1 + -4b?
-4c
In base 14, what is 5557 + 5?
555c
In base 10, what is -64 + 95?
31
In base 11, what is 2 - -385?
387
In base 16, what is c4 + 4?
c8
In base 10, what is -1971 + 6?
-1965
In base 13, what is -15 - 3a?
-52
In base 4, what is -210 - -2033?
1223
In base 15, what is 4 + 264?
268
In base 9, what is 4 + -20?
-15
In base 13, what is 0 + 51?
51
In base 10, what is 13 - 20?
-7
In base 10, what is -85 - -5?
-80
In base 7, what is 1 + -3040?
-3036
In base 16, what is -3 - -14e?
14b
In base 16, what is -96 + f?
-87
In base 8, what is 17 - -16?
35
In base 3, what is -10011001 - 2?
-10011010
In base 3, what is -2 - -10101?
10022
In base 8, what is -147 + 2?
-145
In base 10, what is 4 + -66?
-62
In base 4, what is -12 + 10?
-2
In base 2, what is -10000110 + 101?
-10000001
In base 14, what is -a75 + -2?
-a77
In base 11, what is -206 - 8?
-213
In base 16, what is -10 + -8?
-18
In base 8, what is -3 - -263?
260
In base 12, what is 62b - 2?
629
In base 4, what is 2200 - -3?
2203
In base 11, what is -121 + -a?
-130
In base 7, what is 0 - 55?
-55
In base 14, what is 47 + -2d?
18
In base 7, what is 2 - 553?
-551
In base 2, what is -11 + -100100011?
-100100110
In base 9, what is -5 + -30?
-35
In base 4, what is 130 - -1001?
1131
In base 6, what is -231 - -140?
-51
In base 8, what is -63 + -4?
-67
In base 15, what is 1 + 3c6?
3c7
In base 16, what is 5 + 0?
5
In base 4, what is 0 + -1120012?
-1120012
In base 10, what is -3 - -13?
10
In base 16, what is -228 - 4?
-22c
In base 6, what is -51 - 345?
-440
In base 12, what is -22 + 119?
b7
In base 7, what is -4 + 42?
35
In base 15, what is -a3 - 4?
-a7
In base 14, what is -12 - -2c1?
2ad
In base 11, what is -5399 - -4?
-5395
In base 11, what is 92 + 0?
92
In base 3, what is 100002 + 1?
100010
In base 4, what is -20 - -10?
-10
In base 4, what is 121 + 1122?
1303
In base 13, what is 56 - 6?
50
In base 3, what is 22202102 - -1?
22202110
In base 14, what is -5 - 1185?
-118a
In base 6, what is -52232 - 5?
-52241
In base 9, what is 126 + 3?
130
In base 15, what is -38 + -4?
-3c
In base 6, what is -330 - -4?
-322
In base 7, what is 135 + -1?
134
In base 2, what is -1111010101110 + -11?
-1111010110001
In base 3, what is 110 + 22?
202
In base 3, what is 10210220 + 0?
10210220
In base 6, what is 2 - 520?
-514
In base 4, what is 113303 - 11?
113232
In base 5, what is 2103 - 24?
2024
In base 14, what is 1b + -27?
-a
In base 14, what is 2 + 31?
33
In base 16, what is 1 + 3c?
3d
In base 10, what is -4 + 34?
30
In base 10, what is 7 + -24?
-17
In base 5, what is 14043 - 2?
14041
In base 11, what is 1268 + -1?
1267
In base 11, what is 2 - 13?
-11
In base 4, what is -12323 - 13?
-13002
In base 15, what is 0 + 72?
72
In base 14, what is 4 + 13?
17
In base 12, what is 1b4 + 4?
1b8
In base 14, what is -109b - -2?
-1099
In base 15, what is 82a + 2?
82c
In base 8, what is 5 - -34?
41
In base 3, what is -11002000 - -11?
-11001212
In base 10, what is -5 + -102?
-107
In base 3, what is -110111002 + 12?
-110110220
In base 11, what is 825 - -23?
848
In base 7, what is -16 + 51?
32
In base 4, what is 102213 - 1?
102212
In base 15, what is 15a0 + -2?
159d
In base 7, what is 0 + 461?
461
In base 4, what is -32231 - 0?
-32231
In base 14, what is -38d + 7?
-386
In base 12, what is -33 + 14?
-1b
In base 2, what is 1110000111 - -1?
1110001000
In base 3, what is -12 - 10010?
-10022
In base 4, what is 2313 - -1020?
3333
In base 9, what is 4 - 65?
-61
In base 9, what is 5 - -47?
53
In base 6, what is 1134 - -35?
1213
In base 8, what is -15 + -537?
-554
In base 14, what is 4795 - 4?
4791
In base 3, what is 2 - 1202?
-1200
In base 14, what is 4 + 128?
12c
In base 12, what is 26a + -1?
269
In base 15, what is 3 + 19b?
19e
In base 10, what is -428 - 2?
-430
In base 8, what is 6 - -70?
76
In base 7, what is 53 - 533?
-450
In base 11, what is -2 - 6a3?
-6a5
In base 13, what is 6 + -16?
-10
In base 9, what is 10 + -1820?
-1810
In base 15, what is -11a6 - -3?
-11a3
In base 12, what is -125 + -5?
-12a
In base 7, what is -1321 - 5?
-1326
In base 10, what is 13 + -182?
-169
In base 13, what is -200 + -7?
-207
In base 14, what is 3 + -3b9?
-3b6
In base 13, what is -112 - a?
-11c
In base 7, what is -1166 + 4?
-1162
In base 14, what is -4 - -7b?
77
In base 9, what is 1 - -1576?
1577
In base 4, what is 320312 - 3?
320303
In base 3, what is 12 + -2021?
-2002
In base 10, what is 3 + 82?
85
In base 6, what is -1055 + 1?
-1054
In base 15, what is -55 + 1?
-54
In base 10, what is -270 + -3?
-273
In base 14, what is 1 + -11d?
-11c
In base 10, what is -56 - -12?
-44
In base 7, what is 33514 - -3?
33520
In base 11, what is 2 + a9?
100
In base 6, what is -3 + 1541?
1534
In base 9, what is 18 - -17?
36
In base 3, what is -1001 + 0?
-1001
In base 2, what is 0 - -11000101?
11000101
In base 12, what is -4 - 0?
-4
In base 10, what is -171 + 1?
-170
In base 5, what is -4143 + 12?
-4131
In base 12, what is 67 + -42?
25
In base 3, what is -1 - 121?
-122
In base 4, what is 131 - 10?
121
In base 5, what is 1013 + -10?
1003
In base 16, what is 1 - -1391?
1392
In base 9, what is 65 - -6?
72
In base 8, what is -2255 - -6?
-2247
In base 2, what is -1001111011 - -10?
-1001111001
In base 13, what is 41 + 4?
45
In base 11, what is -5 + 42?
38
In base 6, what is 15324 - 1?
15323
In base 6, what is -20 - 3133?
-3153
In base 15, what is 3632 + -1?
3631
In base 7, what is -4335 + -1?
-4336
In base 15, what is -1 - 38?
-39
In base 10, what is 28 + -152?
-124
In base 7, what is -63 + -53?
-146
In base 13, what is 6 + -b8b?
-b85
In base 16, what is -3 - -27?
24
In base 12, what is 141 - -6?
147
In base 10, what is 189 + 10?
199
In base 14, what is 3d + -1?
3c
In base 5, what is 43 - -1312?
1410
In base 10, what is -64 + 0?
-64
In base 10, what is 4 + 851?
855
In base 16, what is -ff + 42?
-bd
In base 13, what is 17 + 6?
20
In base 14, what is 5 - -1b?
22
In base 7, what is -4523 - -3?
-4520
In base 6, what is -100 - 121?
-221
In base 6, what is 150 - -15?
205
In base 2, what is -10 + -110010010?
-110010100
In base 7, what is -4 + 221?
214
In base 15, what is -6 + -341?
-347
In base 10, what is -4 - 771?
-775
In base 9, what is -5 + -31?
-36
In base 2, what is 111000110 - 0?
111000110
In base 10, what is 1 - -205?
206
In base 4, what is 11 - -200?
211
In base 8, what is -3 - 10127?
-10132
In base 14, what is 20 - -5?
25
In base 8, what is -601 - -3?
-576
In base 7, what is -10233 + -4?
-10240
In base 16, what is 5 + -80?
-7b
In base 7, what is 24 + -611?
-554
In base 13, what is -1b + -10?
-2b
In base 5, what is -1012 - -11?
-1001
In base 5, what is 211 - 2?
204
In base 14, what is 2 - 31d?
-31b
In base 6, what is 3 + -455?
-452
In base 5, what is -1212 - 2?
-1214
In base 10, what is 5 + -322?
-317
In base 16, what is -26 + -1?
-27
In base 2, what is -1100000010010 + -1?
-1100000010011
In base 10, what is -60 - -1?
-59
In base 7, what is -16 - 6?
-25
In base 14, what is 2dc - 5?
2d7
In base 4, what is -123 + -300?
-1023
In base 6, what is 1015 + -3?
1012
In base 8, what is 26404 - 1?
26403
In base 8, what is 5 + 174?
201
In base 14, what is -3 + -4a5?
-4a8
In base 6, what is -331 - -14?
-313
In base 5, what is 10434 + -2?
10432
In base 15, what is 1361 - 3?
135d
In base 10, what is -103 - 24?
-127
In base 16, what is 8 + -3b?
-33
In base 11, what is a1 - -3?
a4
In base 12, what is 2 - -13